ommon factor of v and w?
18
Suppose u = 2*g - 33 - 213, 4*u = 5*g - 615. Let t = -118 + g. Calculate the greatest common divisor of t and 5.
5
Let i = 506 - 411. Calculate the greatest common divisor of 114 and i.
19
Let d(y) = -2*y**2 + 40*y + 6. Let r be d(20). Calculate the greatest common divisor of 24 and r.
6
Suppose 4767 - 1500 = 9*i. Calculate the highest common divisor of 3 and i.
3
Let o be (2/(-4))/((-9)/144). Suppose -z - 4*n + 28 = o, 2*n + 50 = z. Calculate the greatest common factor of 10 and z.
10
Let b(r) = -330*r**3 + 4*r**2 + 6*r + 4. Let t be b(-1). Calculate the highest common divisor of t and 2.
2
Suppose 3648 = 9*g + 13*g + 16*g. Let c(l) = 2*l + 4. Let q be c(4). Calculate the greatest common factor of g and q.
12
Let d(g) = g + 2*g - g - 2 + g**2. Let b be d(5). Calculate the highest common factor of b and 11.
11
Let f(r) = -2*r**2 + 4*r + 14. Let i be f(-6). Let h = i - -272. Calculate the highest common factor of 10 and h.
10
Let t = 31 + 35. Let u = t + -12. What is the greatest common factor of u and 12?
6
Suppose -s = -4*s + 54. Suppose s = 5*a - 12. Suppose 2*m + 0*m = a. Calculate the greatest common divisor of m and 21.
3
Suppose -5*f = -2*h - 1597, -321 = -2*f + f + 2*h. What is the highest common divisor of 11 and f?
11
Let j = -505 + 582. Suppose -3*b + 22 = 1. Calculate the highest common divisor of b and j.
7
Let k be (-102)/5*(-160)/24. Suppose 4*q = -c + k, 0 = -4*c + c + 2*q + 408. What is the highest common factor of c and 34?
34
Let t = 231 - 209. What is the highest common divisor of t and 66?
22
Suppose -5*y + 5*b = -15, -y + 3*b = 4*y - 15. Let g be -3*(-5)/y*-3. Let d be 50/g*3/(-1). What is the highest common divisor of d and 70?
10
Let m be ((-148)/(-10) - -2)/((-18)/(-60)). Let p be 1/4 - (-110)/8. What is the highest common factor of m and p?
14
Let x be (-49 - 2/2)/(360/(-180)). What is the highest common factor of x and 75?
25
Let c be -1 + (6*6 - 2). Let h be (-9 + -2)*6/(-4 + -2). Calculate the greatest common divisor of c and h.
11
Suppose -4*g + 10 = -2. Suppose -o = -3*d - 0*o + 295, -2*d - g*o + 204 = 0. Calculate the greatest common factor of 11 and d.
11
Suppose 0 = -5*d + 2*s + 108, 3*d - 25 = -3*s + 44. What is the greatest common factor of d and 11?
11
Let i(l) = 18 + 11 + 9*l - 25 + 11*l**2. Let s be i(-4). What is the greatest common factor of s and 9?
9
Suppose -4*z - 20 = -o, 0*o - 4*z + 12 = 3*o. Let t = 594 + -546. What is the greatest common factor of o and t?
8
Let r(q) = 73*q**2 - 11*q + 34. Let c be r(3). Calculate the greatest common factor of 188 and c.
94
Suppose 59 - 9 = 2*s. What is the greatest common divisor of 175 and s?
25
Let p = -31 - -34. Let q(o) = -o**2 + 5*o + 2. Let j be q(p). What is the greatest common divisor of 8 and j?
8
Let a = 257 + -221. Let w be 2/(-7 + 3)*-108. Calculate the highest common divisor of a and w.
18
Let m be ((-9)/(-4))/(33/(-36) - -1). Let h(o) = -o**2 + 10*o + 18. Let n be h(10). Calculate the greatest common factor of m and n.
9
Let c be ((6*-5)/3)/(20/(-40)). Calculate the greatest common factor of c and 320.
20
Let u(r) = -2*r**3 + r**2 + 5. Let i be u(-7). Calculate the greatest common divisor of 40 and i.
20
Let c be 32 + (-4)/(-12)*0. Suppose 86 = 3*q - w + c, -18 = -q + 5*w. Let i be q/6 + 1*129. What is the greatest common divisor of i and 12?
12
Let m(q) = -38*q - 213. Let j be m(-6). Calculate the greatest common factor of 60 and j.
15
Suppose 5*n - 33 = -3*s - 32, -2*n = 3*s - 13. Calculate the greatest common divisor of 112 and s.
7
Suppose 29 = 4*c + 9. Suppose 0 = -p, 2*p = c*r + p - 1820. Let y be r/35 - 3/(-5). What is the highest common divisor of y and 88?
11
Let i(w) = w**2 + 6*w - 11. Let z be i(-8). Suppose z*m = -0*m - 735. Let l = m + 211. What is the greatest common divisor of l and 16?
16
Let s(d) = 7*d**2 - 2*d + 1. Suppose 9*p = 4*p + 5. Let j be s(p). What is the greatest common divisor of 30 and j?
6
Let y = -15 + 9. Let g be 4 - 2 - (y - 0). What is the greatest common factor of 2 and g?
2
Let o = -99 - -260. What is the highest common factor of 7 and o?
7
Let h be (-1)/(-12) + 4066/456. Let s = -56 + 92. Calculate the highest common divisor of s and h.
9
Let s = -120 - -174. Let d = 104 - s. What is the greatest common divisor of d and 25?
25
Let o be (-4)/8*(-2 - -2). Suppose 4*s - 5*z = 668, -4*z = 3*s - o*z - 470. What is the highest common divisor of 18 and s?
18
Suppose 0 = 3*d - 4*d - 6. Let q = d + 69. What is the greatest common divisor of 7 and q?
7
Suppose 3*b - 9 = -2*i, 28*i + 70 = 33*i - 2*b. Let f(k) = 5*k**2 - 2. Let w be f(-2). Calculate the highest common divisor of i and w.
6
Suppose -2*a - 46 = -2*m, -5 = 15*a - 16*a. Suppose 0 = -6*t + 3*t - 2*u + 132, -t - u + 45 = 0. What is the highest common divisor of m and t?
14
Suppose -3*c + 9*c = 204. Calculate the greatest common factor of 204 and c.
34
Let z be (-453)/(-302)*(1 + (-7)/(-3)). What is the greatest common divisor of z and 835?
5
Let k be -1 + 0 + -2 - (-5 + -10). What is the greatest common factor of k and 636?
12
Let w = 358 - 324. Calculate the highest common divisor of 782 and w.
34
Let g be (-297)/(-6)*(5 - 4 - -1). Suppose -3*a = -g - 9. What is the highest common factor of 18 and a?
18
Let i = -543 - -583. What is the highest common divisor of i and 40?
40
Let f be ((-48)/(-15))/(7/5 + -1). Let g be 123*(f/(-3))/(-2) + -3. Calculate the highest common divisor of g and 23.
23
Let i = -18 + 6. Let k = i - -35. Calculate the greatest common factor of k and 46.
23
Let y = 400 + -358. Calculate the greatest common divisor of y and 70.
14
Suppose -r + 44 = 34. Let d(p) = p**2 - 4*p + 2. Let l be d(4). Suppose 2*v - 5 + 1 = 0, -l*y - v + 42 = 0. Calculate the greatest common divisor of r and y.
10
Suppose -25*b + 16*b + 324 = 0. Calculate the greatest common factor of 24 and b.
12
Let i = 12 - 9. Suppose 4*k - i = -5*j - 19, 3 = -k - j. Suppose n - k = 9. Calculate the highest common divisor of n and 5.
5
Suppose 39 = 2*x - c, -c - 9 + 10 = 0. Calculate the greatest common factor of x and 830.
10
Let z(p) = -p**2 + 11*p + 201. Let y be z(18). What is the highest common divisor of y and 3?
3
Let q(v) = 11*v - 23. Let r be q(5). What is the highest common factor of 1568 and r?
32
Let i = 124 - 117. Calculate the greatest common factor of 4 and i.
1
Let g(n) = n**3 - 11*n**2 + 11*n + 3. Let q be g(10). Let f = -33 + 5. Let p = 76 - f. Calculate the highest common factor of p and q.
13
Let l = 263 + -153. Let m(o) = -o**3 + 0*o + 0*o**3 + 2 + o - 6*o**2. Let s be m(-7). What is the greatest common divisor of l and s?
22
Suppose 3*h - 2*h - 10 = 0. Let f(o) = 98*o + 8. Let i(g) = -65*g - 5. Let c(u) = -5*f(u) - 8*i(u). Let p be c(3). What is the highest common factor of p and h?
10
Suppose a - 272 = 6*g - 3*g, 0 = 2*a - 3*g - 538. What is the highest common factor of 14 and a?
14
Let y be (-2 - -3) + 4 + 33. Let h(l) be the first derivative of 13*l**3/3 - l**2/2 + 3*l + 5. Let x be h(-2). What is the greatest common divisor of x and y?
19
Let i(o) = o**2 + 8*o - 56. Let p be i(-13). Calculate the highest common divisor of 243 and p.
9
Let b = -141 + 95. Let l = b + 69. Calculate the highest common factor of 23 and l.
23
Let t be 0 + (0 - -9)/3. Suppose 0*k - 4*k + 4*w = -32, t*w = -12. Suppose -21 + 53 = u. Calculate the highest common divisor of u and k.
4
Let h = 31 - 39. Let d be 36/6*h/(-6). What is the greatest common factor of d and 8?
8
Let v = -46 - -102. Let p be (4/(-7))/((-16)/v). Calculate the highest common factor of 18 and p.
2
Let i = -113 - -161. What is the greatest common factor of i and 6?
6
Suppose -2*v = 2*b - 88, 11*b - v = 13*b - 84. What is the greatest common divisor of 160 and b?
40
Let j = 2 - -21. Let s = j + 1. Let u be 3/(-1) - -12 - 3. What is the highest common divisor of u and s?
6
Suppose 12 = -7*p + 8*p - 4*w, -p + 5*w = -15. Suppose p = 3*z, 2*u - 160 = -0*z + 3*z. Calculate the highest common factor of 10 and u.
10
Let r(g) be the second derivative of g**3/6 + 21*g**2/2 + g. Let d be ((-8)/12)/((-1)/(-6)) - -4. Let q be r(d). What is the highest common factor of q and 14?
7
Suppose i = -i + 10. Let z = -5816 - -5856. What is the greatest common factor of i and z?
5
Let r(b) = -b**3 + 10*